{"id":317,"date":"2021-12-15T11:00:26","date_gmt":"2021-12-15T11:00:26","guid":{"rendered":"https:\/\/www.farriolsdelacruz.com\/responsabilidad-civil\/"},"modified":"2025-03-03T15:14:31","modified_gmt":"2025-03-03T15:14:31","slug":"responsabilitat-civil","status":"publish","type":"page","link":"https:\/\/www.farriolsdelacruz.com\/ca\/responsabilitat-civil\/","title":{"rendered":"Responsabilitat Civil"},"content":{"rendered":"<div class=\"wpb-content-wrapper\"><p>[vc_row css=&#8221;.vc_custom_1640253218392{margin-top: -30px !important;}&#8221;][vc_column][vc_column_text]Som advocats experts en accidents de tr\u00e0nsit i neglig\u00e8ncies m\u00e8diques, col\u00b7laborant estretament amb metges especialistes en medicina legal i valoraci\u00f3 del dany corporal que al seu torn col\u00b7laboren amb diversos centres especialitzats en traumatologia i rehabilitaci\u00f3 funcional on el nostre client podr\u00e0 ser at\u00e8s amb la m\u00e0xima professionalitat, si no compta amb el seu propi professional m\u00e8dic de confian\u00e7a.<\/p>\n<p>A m\u00e9s, treballem amb una \u00e0mplia xarxa d\u2019especialistes i p\u00e8rits t\u00e8cnics com enginyers reconstructors d\u2019accidents o actuaris d\u2019assegurances, imprescindibles per la defensa dels interessos dels nostres clients.[\/vc_column_text][\/vc_column][\/vc_row][vc_row][vc_column width=&#8221;1\/2&#8243;][vc_column_text]<\/p>\n<h2 class=\"vc_custom_heading\">ACCIDENTS DE TR\u00c0NSIT<\/h2>\n<p>[\/vc_column_text][vc_column_text]Treballem per aconseguir que els nostres clients puguin obtenir la m\u00e0xima indemnitzaci\u00f3 pels danys derivats d\u2019un accident de circulaci\u00f3 aplicant la normativa sobre Responsabilitat Civil i Asseguran\u00e7a a la Circulaci\u00f3 de Vehicles a Motor.<\/p>\n<p>Encara que existeixen barems de c\u00e0lculs d\u2019indemnitzacions, \u00e9s important aplicar-los correctament per tal d\u2019aconseguir la indemnitzaci\u00f3 adequada en cada cas essent necessari avaluar:<\/p>\n<p>-Danys corporals: dies de curaci\u00f3 (UCI, ingr\u00e9s hospitalari, baixa laboral o tractament rehabilitador), seq\u00fceles, danys morals, possibles invalideses en diferents graus que puguin impedir desenvolupar l\u2019ocupaci\u00f3 de l\u2019afectat qualsevol activitat habitual o afici\u00f3, gran invalidesa, danys morals familiars, assist\u00e8ncia m\u00e8dica futura o reposicions de pr\u00f2tesis.<\/p>\n<p>-Danys materials: reparaci\u00f3 de vehicles i sinistre total, perjudicis econ\u00f2mics i lucre cessant -consistent, aquest \u00faltim, en reclamar el perjudici econ\u00f2mic ocasionat com a conseq\u00fc\u00e8ncia de la paralitzaci\u00f3 de l\u2019activitat econ\u00f2mica per baixa laboral o per paralitzaci\u00f3 del vehicle derivada de l\u2019accident de circulaci\u00f3.[\/vc_column_text][\/vc_column][vc_column width=&#8221;1\/2&#8243;][vc_column_text]<\/p>\n<h2 class=\"vc_custom_heading\">NEGLIG\u00c8NCIES M\u00c8DIQUES<\/h2>\n<p>[\/vc_column_text][vc_column_text]La neglig\u00e8ncia m\u00e8dica \u00e9s un acte mal executat per part d\u2019un metge o personal sanitari que infringeix els est\u00e0ndards m\u00ednims d\u2019actuaci\u00f3 marcats per la comunitat m\u00e8dica i que causa una lesi\u00f3 al pacient.<\/p>\n<p>Quan es prova una neglig\u00e8ncia o mala praxi m\u00e8dica, el pacient t\u00e9 dret a percebre una indemnitzaci\u00f3. Les indemnitzacions seran molt diverses depenent de les circumst\u00e0ncies en qu\u00e8 es produeix l\u2019error o mala praxi i les seves conseq\u00fc\u00e8ncies.<\/p>\n<p>Les indemnitzacions variaran en funci\u00f3 de la lesi\u00f3 i les seves conseq\u00fc\u00e8ncies: dies de curaci\u00f3, seq\u00fceles i possibles incapacitats (permanent parcial, total o absoluta, gran invalidesa) aix\u00ed com altres circumst\u00e0ncies que puguin apar\u00e8ixer en el cas concret com a conseq\u00fc\u00e8ncia de la mala actuaci\u00f3 en la pr\u00e0ctica m\u00e8dica.[\/vc_column_text][\/vc_column][\/vc_row][vc_row][vc_column]<style type=\"text\/css\" data-type=\"the7_shortcodes-inline-css\">#default-btn-4b640a615188577cc69f0d4d7824f5a0.ico-right-side > i {\n  margin-right: 0px;\n  margin-left: 8px;\n}\n#default-btn-4b640a615188577cc69f0d4d7824f5a0 > i {\n  margin-right: 8px;\n}\n<\/style><div class=\"btn-align-center\"><a href=\"https:\/\/www.farriolsdelacruz.com\/ca\/contacte\/\" class=\"default-btn-shortcode dt-btn dt-btn-l link-hover-off \" id=\"default-btn-4b640a615188577cc69f0d4d7824f5a0\" title=\"Contacto\"><span>Demanar cita<\/span><\/a><\/div>[\/vc_column][\/vc_row]<\/p>\n<\/div>","protected":false},"excerpt":{"rendered":"<p>[vc_row css=&#8221;.vc_custom_1640253218392{margin-top: -30px !important;}&#8221;][vc_column][vc_column_text]Som advocats experts en accidents de tr\u00e0nsit i neglig\u00e8ncies m\u00e8diques, col\u00b7laborant estretament amb metges especialistes en medicina legal i valoraci\u00f3 del dany corporal que al seu torn col\u00b7laboren amb diversos centres especialitzats en traumatologia i rehabilitaci\u00f3 funcional on el nostre client podr\u00e0 ser at\u00e8s amb la m\u00e0xima professionalitat, si no compta amb&hellip;<\/p>\n","protected":false},"author":1,"featured_media":0,"parent":0,"menu_order":0,"comment_status":"closed","ping_status":"closed","template":"","meta":{"footnotes":""},"class_list":["post-317","page","type-page","status-publish","hentry","description-off"],"_links":{"self":[{"href":"https:\/\/www.farriolsdelacruz.com\/ca\/wp-json\/wp\/v2\/pages\/317","targetHints":{"allow":["GET"]}}],"collection":[{"href":"https:\/\/www.farriolsdelacruz.com\/ca\/wp-json\/wp\/v2\/pages"}],"about":[{"href":"https:\/\/www.farriolsdelacruz.com\/ca\/wp-json\/wp\/v2\/types\/page"}],"author":[{"embeddable":true,"href":"https:\/\/www.farriolsdelacruz.com\/ca\/wp-json\/wp\/v2\/users\/1"}],"replies":[{"embeddable":true,"href":"https:\/\/www.farriolsdelacruz.com\/ca\/wp-json\/wp\/v2\/comments?post=317"}],"version-history":[{"count":1,"href":"https:\/\/www.farriolsdelacruz.com\/ca\/wp-json\/wp\/v2\/pages\/317\/revisions"}],"predecessor-version":[{"id":341,"href":"https:\/\/www.farriolsdelacruz.com\/ca\/wp-json\/wp\/v2\/pages\/317\/revisions\/341"}],"wp:attachment":[{"href":"https:\/\/www.farriolsdelacruz.com\/ca\/wp-json\/wp\/v2\/media?parent=317"}],"curies":[{"name":"wp","href":"https:\/\/api.w.org\/{rel}","templated":true}]}}

<div class="wpb-content-wrapper"><p>[vc_row css=&#8221;.vc_custom_1640253218392{margin-top: -30px !important;}&#8221;][vc_column][vc_column_text]Som advocats experts en accidents de trànsit i negligències mèdiques, col·laborant estretament amb metges especialistes en medicina legal i valoració del dany corporal que al seu torn col·laboren amb diversos centres especialitzats en traumatologia i rehabilitació funcional on el nostre client podrà ser atès amb la màxima professionalitat, si no compta amb el seu propi professional mèdic de confiança.</p>
<p>A més, treballem amb una àmplia xarxa d’especialistes i pèrits tècnics com enginyers reconstructors d’accidents o actuaris d’assegurances, imprescindibles per la defensa dels interessos dels nostres clients.[/vc_column_text][/vc_column][/vc_row][vc_row][vc_column width=&#8221;1/2&#8243;][vc_column_text]</p>
<h2 class="vc_custom_heading">ACCIDENTS DE TRÀNSIT</h2>
<p>[/vc_column_text][vc_column_text]Treballem per aconseguir que els nostres clients puguin obtenir la màxima indemnització pels danys derivats d’un accident de circulació aplicant la normativa sobre Responsabilitat Civil i Assegurança a la Circulació de Vehicles a Motor.</p>
<p>Encara que existeixen barems de càlculs d’indemnitzacions, és important aplicar-los correctament per tal d’aconseguir la indemnització adequada en cada cas essent necessari avaluar:</p>
<p>-Danys corporals: dies de curació (UCI, ingrés hospitalari, baixa laboral o tractament rehabilitador), seqüeles, danys morals, possibles invalideses en diferents graus que puguin impedir desenvolupar l’ocupació de l’afectat qualsevol activitat habitual o afició, gran invalidesa, danys morals familiars, assistència mèdica futura o reposicions de pròtesis.</p>
<p>-Danys materials: reparació de vehicles i sinistre total, perjudicis econòmics i lucre cessant -consistent, aquest últim, en reclamar el perjudici econòmic ocasionat com a conseqüència de la paralització de l’activitat econòmica per baixa laboral o per paralització del vehicle derivada de l’accident de circulació.[/vc_column_text][/vc_column][vc_column width=&#8221;1/2&#8243;][vc_column_text]</p>
<h2 class="vc_custom_heading">NEGLIGÈNCIES MÈDIQUES</h2>
<p>[/vc_column_text][vc_column_text]La negligència mèdica és un acte mal executat per part d’un metge o personal sanitari que infringeix els estàndards mínims d’actuació marcats per la comunitat mèdica i que causa una lesió al pacient.</p>
<p>Quan es prova una negligència o mala praxi mèdica, el pacient té dret a percebre una indemnització. Les indemnitzacions seran molt diverses depenent de les circumstàncies en què es produeix l’error o mala praxi i les seves conseqüències.</p>
<p>Les indemnitzacions variaran en funció de la lesió i les seves conseqüències: dies de curació, seqüeles i possibles incapacitats (permanent parcial, total o absoluta, gran invalidesa) així com altres circumstàncies que puguin aparèixer en el cas concret com a conseqüència de la mala actuació en la pràctica mèdica.[/vc_column_text][/vc_column][/vc_row][vc_row][vc_column]<style type="text/css" data-type="the7_shortcodes-inline-css">#default-btn-4b640a615188577cc69f0d4d7824f5a0.ico-right-side > i {
  margin-right: 0px;
  margin-left: 8px;
}
#default-btn-4b640a615188577cc69f0d4d7824f5a0 > i {
  margin-right: 8px;
}
</style><div class="btn-align-center"><a href="https://www.farriolsdelacruz.com/ca/contacte/" class="default-btn-shortcode dt-btn dt-btn-l link-hover-off " id="default-btn-4b640a615188577cc69f0d4d7824f5a0" title="Contacto"><span>Demanar cita</span></a></div>[/vc_column][/vc_row]</p>
</div>

<p>[vc_row css=&#8221;.vc_custom_1640253218392{margin-top: -30px !important;}&#8221;][vc_column][vc_column_text]Som advocats experts en accidents de trànsit i negligències mèdiques, col·laborant estretament amb metges especialistes en medicina legal i valoració del dany corporal que al seu torn col·laboren amb diversos centres especialitzats en traumatologia i rehabilitació funcional on el nostre client podrà ser atès amb la màxima professionalitat, si no compta amb&hellip;</p>
